{"id":24,"date":"2017-01-10T16:13:06","date_gmt":"2017-01-10T18:13:06","guid":{"rendered":"http:\/\/172.28.64.123\/sites\/olimpiada\/?page_id=24"},"modified":"2019-08-06T23:51:11","modified_gmt":"2019-08-07T02:51:11","slug":"como-participar","status":"publish","type":"page","link":"https:\/\/olimpiadaambiental.se.gov.br\/?page_id=24","title":{"rendered":"Como participar"},"content":{"rendered":"<style type=\"text\/css\"><\/style><section class=\"kc-elm kc-css-65920 kc_row\"><div class=\"kc-row-container  kc-container\"><div class=\"kc-wrap-columns\"><div class=\"kc-elm kc-css-2890515 kc_col-sm-12 kc_column kc_col-sm-12\"><div class=\"kc-col-container\"><div class=\"kc-elm kc-css-441342 kc_text_block\"><p><\/p>\n<p><strong>Conforme previsto no Cap\u00edtulo III do Regulamento<\/strong><\/p>\n<p><strong><br \/>&#8220;Art. 1 <\/strong>\u2013 O Cadastro e a inscri\u00e7\u00e3o dever\u00e3o ser realizadas a partir do dia\u00a0<strong>08\u00a0de agosto de 2019<\/strong>\u00a0ao dia<strong>\u00a0<\/strong><strong>04 de\u00a0outubro de 2019\u00a0<\/strong>\u00e0s\u00a0<strong>23:59h<\/strong>, conforme o regulamento, atrav\u00e9s do<strong>\u00a0site:<\/strong>\u00a0<a href=\"http:\/\/www.olimpiadaambiental.se.gov.br\/\"><strong>www.olimpiadaambiental.se.gov.br<\/strong><\/a>\u00a0fazendo o preenchimento do:<\/p>\n<p><strong>Cadastro do professor com CPF e tamb\u00e9m de todos os alunos participantes nas modalidades de Artes, Produ\u00e7\u00e3o de Texto e\u00a0<\/strong><strong>Educomunica\u00e7\u00e3o, junto ao professor respons\u00e1vel pelo acompanhamento e orienta\u00e7\u00e3o dos trabalhos, individual ou em grupo. Para os professores que forem participar da Modalidade III Educomunica\u00e7\u00e3o submodalidade V\u00eddeo aula,\u00a0<\/strong><strong>tamb\u00e9m dever\u00e3o realizar o cadastro com CPF e inscri\u00e7\u00e3o. Os participantes dever\u00e3o seguir todos os passos do sistema para conclus\u00e3o dos mesmos<\/strong>.<\/p>\n<p>O sistema permitir\u00e1 a impress\u00e3o da ficha de inscri\u00e7\u00e3o. As Inscri\u00e7\u00f5es dos alunos dever\u00e3o ser acompanhadas pelos professores respons\u00e1veis pela orienta\u00e7\u00e3o dos trabalhos nas institui\u00e7\u00f5es de ensino, respeitando rigorosamente o que est\u00e1 determinado no Regulamento da XII Olimp\u00edada Ambiental.<\/p>\n<p><strong>Art. 2<\/strong>\u00a0\u2013 Na inscri\u00e7\u00e3o dever\u00e1 conter: O n\u00famero e data da inscri\u00e7\u00e3o gerados pelo sistema; o nome completo; e-mail e telefone do aluno e do professor orientador; bem como o nome, endere\u00e7o e telefone da institui\u00e7\u00e3o de ensino (se n\u00e3o tiver telefone na Unidade de Ensino, informar o n\u00famero do diretor); o N\u00edvel de ensino (categoria); a modalidade e a submodalidade correspondente.<\/p>\n<p><strong>Art. 3\u00a0<\/strong>\u2013 A participa\u00e7\u00e3o em todo o processo ser\u00e1 permitida atrav\u00e9s do preenchimento da ficha dispon\u00edvel no\u00a0<strong>site:\u00a0<\/strong><a href=\"http:\/\/www.olimpiadaambiental.se.gov.br\/\"><strong>http:\/\/www.olimpiadaambiental.se.gov.br<\/strong><\/a><a href=\"http:\/\/www.olimpiadaambiental.se.gov.br\/\">\/<\/a>, onde no m\u00e1ximo ser\u00e3o aceitas duas inscri\u00e7\u00f5es do aluno, que poder\u00e1 ser em grupo e\/ou individual. O professor poder\u00e1 fazer apenas 01(uma) inscri\u00e7\u00e3o individual.<\/p>\n<p><strong>Par\u00e1grafo 1\u00ba<\/strong>\u00a0\u2013 O sistema ir\u00e1 permitir apenas 2 (dois) tipos de inscri\u00e7\u00e3o por participante, ou seja, 1 (uma) inscri\u00e7\u00e3o em grupo e 1 (uma) inscri\u00e7\u00e3o individual, para as modalidades escolhidas, sendo identificadas as 2 inscri\u00e7\u00f5es atrav\u00e9s do n\u00ba do CPF. Ser\u00e3o anuladas as demais inscri\u00e7\u00f5es, caso ocorra.<\/p>\n<p><strong>Par\u00e1grafo 2\u00b0\u00a0<\/strong>\u2013 Das inscri\u00e7\u00f5es em grupo dos alunos, o quantitativo \u00e9 de no m\u00ednimo 2 (dois) e no m\u00e1ximo 05 (cinco) alunos participantes da mesma submodalidade. Acima desses quantitativos ser\u00e3o automaticamente desclassificados.<\/p>\n<p><strong>Par\u00e1grafo 3\u00ba<\/strong>\u00a0\u2013 Ap\u00f3s a inscri\u00e7\u00e3o no site\u00a0<a href=\"http:\/\/www.olimpiadaambiental.se.gov.br\/\"><strong>http:\/\/www.olimpiadaambiental.se.gov.br\/<\/strong><\/a>\u00a0o participante poder\u00e1 imprimir sua ficha de inscri\u00e7\u00e3o. \u00a0A ficha conter\u00e1, na\u00a0<strong>parte superior<\/strong>\u00a0os dados descritos nos artigos 1 e 2 do cap\u00edtulo III do projeto,\u00a0<strong>na parte inferior,<\/strong>\u00a0conter\u00e1 o n\u00famero da inscri\u00e7\u00e3o gerado pelo sistema, n\u00edvel de ensino, modalidade e submodalidade. O participante dever\u00e1 levar a ficha de inscri\u00e7\u00e3o e apenas a parte inferior da ficha anexada ao trabalho no local de recebimento.<\/p>\n<p><strong>Par\u00e1grafo 4\u00ba<\/strong>\u00a0\u2013 Havendo a necessidade de altera\u00e7\u00e3o nos dados informados durante o cadastro e inscri\u00e7\u00e3o, ou qualquer situa\u00e7\u00e3o que \u00a0impe\u00e7a o participante e, o mesmo estejam atendendo ao que determina no regulamento, este dever\u00e1 entrar em contato com a equipe de organiza\u00e7\u00e3o at\u00e9 a data do encerramento das inscri\u00e7\u00f5es atrav\u00e9s do e-mail:\u00a0<a href=\"mailto:olimpiada.ambiental@sedurbs.se.gov.br\"><strong>olimpiada.ambiental@sedurbs.se.gov.br<\/strong><\/a>, como tamb\u00e9m atrav\u00e9s dos contatos telef\u00f4nicos: (79) 3179-7308\/3179-7362, para que sejam tomadas as medidas cab\u00edveis, respeitando o regulamento.<\/p>\n<p><strong>Par\u00e1grafo 5\u00ba<\/strong>\u00a0\u2013 \u00c9 obrigat\u00f3rio o cadastro do professor orientador e inscri\u00e7\u00e3o de todos os alunos at\u00e9 a data e hor\u00e1rio informados neste cap\u00edtulo Art. 1. Na situa\u00e7\u00e3o em que a inscri\u00e7\u00e3o n\u00e3o for identificada no site da XII Olimp\u00edada Ambiental, n\u00e3o poder\u00e3o ser apresentados qualquer que seja o trabalho, estando automaticamente desclassificado.<\/p>\n<p><strong>Par\u00e1grafo 6\u00ba<\/strong>\u00a0\u2013 O cadastro e inscri\u00e7\u00e3o torna o aluno e o professor participante com trabalhos entregues dentro do prazo previsto neste regulamento, aptos a concorrerem em todas as etapas classificat\u00f3rias. Haver\u00e1 o sorteio de\u00a0<strong>02 (dois) notebooks,<\/strong> que ser\u00e1 realizado no encerramento da Olimp\u00edada, sendo 01 (um) para os alunos e 01 (um) para professores cadastrados e\/ou inscritos presentes, como tamb\u00e9m, os professores-orientadores que estiverem presentes no local do encerramento mediante apresenta\u00e7\u00e3o de documento com foto.&#8221;<\/p>\n<p><\/p>\n<\/div><\/div><\/div><\/div><\/div><\/section>","protected":false},"excerpt":{"rendered":"<p>Conforme previsto no Cap\u00edtulo III do Regulamento &#8220;Art. 1 \u2013 O Cadastro e a inscri\u00e7\u00e3o dever\u00e3o ser realizadas a partir do dia\u00a008\u00a0de agosto de 2019\u00a0ao dia\u00a004 de\u00a0outubro de 2019\u00a0\u00e0s\u00a023:59h, conforme o regulamento, atrav\u00e9s do\u00a0site:\u00a0www.olimpiadaambiental.se.gov.br\u00a0fazendo o preenchimento do: Cadastro do professor &hellip; <a href=\"https:\/\/olimpiadaambiental.se.gov.br\/?page_id=24\">Conte\u00fado<\/a><\/p>\n","protected":false},"author":1,"featured_media":0,"parent":0,"menu_order":0,"comment_status":"closed","ping_status":"closed","template":"page-feature.php","meta":{"kt_blocks_editor_width":"","footnotes":""},"class_list":["post-24","page","type-page","status-publish","hentry"],"yoast_head":"<!-- This site is optimized with the Yoast SEO plugin v27.4 - https:\/\/yoast.com\/product\/yoast-seo-wordpress\/ -->\n<title>Como participar - Olimp\u00edada Ambiental de Sergipe<\/title>\n<meta name=\"robots\" content=\"index, follow, max-snippet:-1, max-image-preview:large, max-video-preview:-1\" \/>\n<link rel=\"canonical\" href=\"https:\/\/olimpiadaambiental.se.gov.br\/?page_id=24\" \/>\n<meta property=\"og:locale\" content=\"pt_BR\" \/>\n<meta property=\"og:type\" content=\"article\" \/>\n<meta property=\"og:title\" content=\"Como participar - Olimp\u00edada Ambiental de Sergipe\" \/>\n<meta property=\"og:description\" content=\"Conforme previsto no Cap\u00edtulo III do Regulamento &#8220;Art. 1 \u2013 O Cadastro e a inscri\u00e7\u00e3o dever\u00e3o ser realizadas a partir do dia\u00a008\u00a0de agosto de 2019\u00a0ao dia\u00a004 de\u00a0outubro de 2019\u00a0\u00e0s\u00a023:59h, conforme o regulamento, atrav\u00e9s do\u00a0site:\u00a0www.olimpiadaambiental.se.gov.br\u00a0fazendo o preenchimento do: Cadastro do professor &hellip; Conte\u00fado\" \/>\n<meta property=\"og:url\" content=\"https:\/\/olimpiadaambiental.se.gov.br\/?page_id=24\" \/>\n<meta property=\"og:site_name\" content=\"Olimp\u00edada Ambiental de Sergipe\" \/>\n<meta property=\"article:modified_time\" content=\"2019-08-07T02:51:11+00:00\" \/>\n<meta name=\"twitter:card\" content=\"summary_large_image\" \/>\n<meta name=\"twitter:label1\" content=\"Est. tempo de leitura\" \/>\n\t<meta name=\"twitter:data1\" content=\"3 minutos\" \/>\n<script type=\"application\/ld+json\" class=\"yoast-schema-graph\">{\"@context\":\"https:\\\/\\\/schema.org\",\"@graph\":[{\"@type\":\"WebPage\",\"@id\":\"https:\\\/\\\/olimpiadaambiental.se.gov.br\\\/?page_id=24\",\"url\":\"https:\\\/\\\/olimpiadaambiental.se.gov.br\\\/?page_id=24\",\"name\":\"Como participar - Olimp\u00edada Ambiental de Sergipe\",\"isPartOf\":{\"@id\":\"https:\\\/\\\/olimpiadaambiental.se.gov.br\\\/#website\"},\"datePublished\":\"2017-01-10T18:13:06+00:00\",\"dateModified\":\"2019-08-07T02:51:11+00:00\",\"breadcrumb\":{\"@id\":\"https:\\\/\\\/olimpiadaambiental.se.gov.br\\\/?page_id=24#breadcrumb\"},\"inLanguage\":\"pt-BR\",\"potentialAction\":[{\"@type\":\"ReadAction\",\"target\":[\"https:\\\/\\\/olimpiadaambiental.se.gov.br\\\/?page_id=24\"]}]},{\"@type\":\"BreadcrumbList\",\"@id\":\"https:\\\/\\\/olimpiadaambiental.se.gov.br\\\/?page_id=24#breadcrumb\",\"itemListElement\":[{\"@type\":\"ListItem\",\"position\":1,\"name\":\"Home\",\"item\":\"https:\\\/\\\/olimpiadaambiental.se.gov.br\\\/\"},{\"@type\":\"ListItem\",\"position\":2,\"name\":\"Como participar\"}]},{\"@type\":\"WebSite\",\"@id\":\"https:\\\/\\\/olimpiadaambiental.se.gov.br\\\/#website\",\"url\":\"https:\\\/\\\/olimpiadaambiental.se.gov.br\\\/\",\"name\":\"Olimp\u00edada Ambiental de Sergipe\",\"description\":\"\",\"potentialAction\":[{\"@type\":\"SearchAction\",\"target\":{\"@type\":\"EntryPoint\",\"urlTemplate\":\"https:\\\/\\\/olimpiadaambiental.se.gov.br\\\/?s={search_term_string}\"},\"query-input\":{\"@type\":\"PropertyValueSpecification\",\"valueRequired\":true,\"valueName\":\"search_term_string\"}}],\"inLanguage\":\"pt-BR\"}]}<\/script>\n<!-- \/ Yoast SEO plugin. -->","yoast_head_json":{"title":"Como participar - Olimp\u00edada Ambiental de Sergipe","robots":{"index":"index","follow":"follow","max-snippet":"max-snippet:-1","max-image-preview":"max-image-preview:large","max-video-preview":"max-video-preview:-1"},"canonical":"https:\/\/olimpiadaambiental.se.gov.br\/?page_id=24","og_locale":"pt_BR","og_type":"article","og_title":"Como participar - Olimp\u00edada Ambiental de Sergipe","og_description":"Conforme previsto no Cap\u00edtulo III do Regulamento &#8220;Art. 1 \u2013 O Cadastro e a inscri\u00e7\u00e3o dever\u00e3o ser realizadas a partir do dia\u00a008\u00a0de agosto de 2019\u00a0ao dia\u00a004 de\u00a0outubro de 2019\u00a0\u00e0s\u00a023:59h, conforme o regulamento, atrav\u00e9s do\u00a0site:\u00a0www.olimpiadaambiental.se.gov.br\u00a0fazendo o preenchimento do: Cadastro do professor &hellip; Conte\u00fado","og_url":"https:\/\/olimpiadaambiental.se.gov.br\/?page_id=24","og_site_name":"Olimp\u00edada Ambiental de Sergipe","article_modified_time":"2019-08-07T02:51:11+00:00","twitter_card":"summary_large_image","twitter_misc":{"Est. tempo de leitura":"3 minutos"},"schema":{"@context":"https:\/\/schema.org","@graph":[{"@type":"WebPage","@id":"https:\/\/olimpiadaambiental.se.gov.br\/?page_id=24","url":"https:\/\/olimpiadaambiental.se.gov.br\/?page_id=24","name":"Como participar - Olimp\u00edada Ambiental de Sergipe","isPartOf":{"@id":"https:\/\/olimpiadaambiental.se.gov.br\/#website"},"datePublished":"2017-01-10T18:13:06+00:00","dateModified":"2019-08-07T02:51:11+00:00","breadcrumb":{"@id":"https:\/\/olimpiadaambiental.se.gov.br\/?page_id=24#breadcrumb"},"inLanguage":"pt-BR","potentialAction":[{"@type":"ReadAction","target":["https:\/\/olimpiadaambiental.se.gov.br\/?page_id=24"]}]},{"@type":"BreadcrumbList","@id":"https:\/\/olimpiadaambiental.se.gov.br\/?page_id=24#breadcrumb","itemListElement":[{"@type":"ListItem","position":1,"name":"Home","item":"https:\/\/olimpiadaambiental.se.gov.br\/"},{"@type":"ListItem","position":2,"name":"Como participar"}]},{"@type":"WebSite","@id":"https:\/\/olimpiadaambiental.se.gov.br\/#website","url":"https:\/\/olimpiadaambiental.se.gov.br\/","name":"Olimp\u00edada Ambiental de Sergipe","description":"","potentialAction":[{"@type":"SearchAction","target":{"@type":"EntryPoint","urlTemplate":"https:\/\/olimpiadaambiental.se.gov.br\/?s={search_term_string}"},"query-input":{"@type":"PropertyValueSpecification","valueRequired":true,"valueName":"search_term_string"}}],"inLanguage":"pt-BR"}]}},"_links":{"self":[{"href":"https:\/\/olimpiadaambiental.se.gov.br\/index.php?rest_route=\/wp\/v2\/pages\/24","targetHints":{"allow":["GET"]}}],"collection":[{"href":"https:\/\/olimpiadaambiental.se.gov.br\/index.php?rest_route=\/wp\/v2\/pages"}],"about":[{"href":"https:\/\/olimpiadaambiental.se.gov.br\/index.php?rest_route=\/wp\/v2\/types\/page"}],"author":[{"embeddable":true,"href":"https:\/\/olimpiadaambiental.se.gov.br\/index.php?rest_route=\/wp\/v2\/users\/1"}],"replies":[{"embeddable":true,"href":"https:\/\/olimpiadaambiental.se.gov.br\/index.php?rest_route=%2Fwp%2Fv2%2Fcomments&post=24"}],"version-history":[{"count":26,"href":"https:\/\/olimpiadaambiental.se.gov.br\/index.php?rest_route=\/wp\/v2\/pages\/24\/revisions"}],"predecessor-version":[{"id":1345,"href":"https:\/\/olimpiadaambiental.se.gov.br\/index.php?rest_route=\/wp\/v2\/pages\/24\/revisions\/1345"}],"wp:attachment":[{"href":"https:\/\/olimpiadaambiental.se.gov.br\/index.php?rest_route=%2Fwp%2Fv2%2Fmedia&parent=24"}],"curies":[{"name":"wp","href":"https:\/\/api.w.org\/{rel}","templated":true}]}}